ivide 1290280?
True
Does 43 divide 42127616?
True
Is 133 a factor of 557165861?
True
Does 111 divide 86364245?
False
Does 74 divide 55586323?
False
Is 10 a factor of 32768624?
False
Is 2572 a factor of 59729973?
False
Is 4365 a factor of 1205080470?
True
Does 21 divide 6807792?
False
Is 1670 a factor of 108974180?
True
Is 47785014 a multiple of 2706?
False
Does 36 divide 1401876350?
False
Is 7 a factor of 79719538?
False
Does 491 divide 901640976?
True
Is 10 a factor of 54357772?
False
Is 13900257 a multiple of 181?
True
Is 27 a factor of 218345317?
False
Is 7075080 a multiple of 8?
True
Is 34 a factor of 373645176?
True
Is 1170238 a multiple of 2399?
False
Is 704 a factor of 389262016?
True
Is 21 a factor of 3836248?
False
Is 541 a factor of 32863045?
True
Is 48911303 a multiple of 33?
False
Does 30 divide 158589570?
True
Is 50981745 a multiple of 111?
True
Is 1241468208 a multiple of 144?
True
Is 191235855 a multiple of 30?
False
Is 83 a factor of 1001954?
False
Does 1259 divide 90253933?
True
Is 66437666 a multiple of 5?
False
Is 1492 a factor of 972238216?
False
Does 325 divide 4613915?
False
Does 4 divide 349786?
False
Is 7 a factor of 23042671?
False
Is 55754388 a multiple of 18?
True
Does 88 divide 18886472?
True
Is 764 a factor of 488862972?
True
Is 123426720 a multiple of 432?
True
Is 99 a factor of 2510360?
False
Is 13 a factor of 6143904?
True
Is 484859 a multiple of 619?
False
Is 777948491 a multiple of 43?
False
Does 24 divide 184913184?
True
Does 9 divide 118652022?
True
Does 3175 divide 542839690?
False
Is 4011865200 a multiple of 1080?
True
Does 80 divide 244470150?
False
Does 1930 divide 380085691?
False
Is 34 a factor of 84170672?
True
Is 1350246404 a multiple of 63?
False
Is 93 a factor of 48378786?
True
Is 53 a factor of 24794566?
True
Does 27 divide 12620487?
False
Does 238 divide 539178164?
False
Does 31 divide 306667128?
True
Is 43121169 a multiple of 39?
True
Is 572371260 a multiple of 870?
True
Is 141 a factor of 6301385?
False
Is 76180952 a multiple of 164?
True
Is 27 a factor of 7124557?
False
Is 3884458798 a multiple of 524?
False
Does 1227 divide 45216400?
False
Does 1127 divide 1671679?
False
Is 1305330 a multiple of 5?
True
Does 793 divide 14649882?
True
Is 1524761413 a multiple of 7?
True
Does 30 divide 11225010?
True
Is 174 a factor of 46869727?
False
Does 173 divide 40909656?
True
Is 750 a factor of 199274250?
True
Is 115701631 a multiple of 41?
True
Is 1677 a factor of 13764816?
True
Does 30 divide 989758318?
False
Is 127 a factor of 22120777?
False
Is 521 a factor of 11843372?
True
Is 7688760 a multiple of 7?
False
Does 158 divide 54255519?
False
Is 18202621 a multiple of 2295?
False
Does 38 divide 9958701?
False
Is 2121227048 a multiple of 766?
False
Is 1808 a factor of 37363868?
False
Is 5 a factor of 10529506?
False
Is 190 a factor of 117424750?
True
Is 5011 a factor of 212195806?
True
Does 1804 divide 537920926?
False
Is 3743795726 a multiple of 187?
True
Does 856 divide 28792416?
True
Is 560 a factor of 963760?
True
Is 170 a factor of 176894717?
False
Does 179 divide 25374503?
True
Is 545 a factor of 36983448?
False
Is 21 a factor of 91325128?
False
Is 14452931 a multiple of 1495?
False
Is 5 a factor of 315264917?
False
Does 1923 divide 166292392?
False
Is 37813100 a multiple of 116?
True
Is 244287505 a multiple of 259?
True
Is 5810392 a multiple of 52?
False
Is 50 a factor of 2319784650?
True
Is 3042 a factor of 6575666?
False
Does 10 divide 51585980?
True
Is 168853685 a multiple of 112?
False
Is 4091288698 a multiple of 2551?
True
Does 2010 divide 218639760?
True
Is 1775029724 a multiple of 9?
False
Does 5 divide 1773961?
False
Is 4 a factor of 62172070?
False
Is 2949 a factor of 1057334460?
True
Is 39097377 a multiple of 27?
True
Is 114961894 a multiple of 2312?
False
Does 1978 divide 6960582?
True
Does 198 divide 8445424?
False
Is 198821218 a multiple of 572?
False
Is 318388711 a multiple of 127?
False
Is 334406115 even?
False
Is 16 a factor of 1867265?
False
Does 21 divide 60888318?
False
Is 32365328 a multiple of 2?
True
Does 303 divide 267137406?
False
Does 4 divide 10138166?
False
Is 141382120 a multiple of 220?
True
Does 73 divide 47202065?
False
Is 411885765 a multiple of 743?
True
Is 6199223 a multiple of 11?
False
Is 7961562 a multiple of 299?
False
Is 4248 a factor of 741025102?
False
Does 442 divide 7953236?
False
Is 5889482444 a multiple of 107?
True
Is 36452711 a multiple of 50?
False
Is 25 a factor of 355930125?
True
Is 573 a factor of 42542836?
False
Is 1008 a factor of 1423264752?
True
Does 3 divide 6614886?
True
Does 137 divide 11346494?
False
Is 11134320 even?
True
Is 3 a factor of 10744491?
True
Does 36 divide 101841840?
True
Is 100 a factor of 462615400?
True
Is 2754790 a multiple of 62?
False
Is 962 a factor of 16609681?
False
Does 53 divide 335105220?
True
Is 422647796 a multiple of 37?
False
Is 183349544 a multiple of 38?
True
Does 893 divide 98610179?
False
Is 662708 a multiple of 116?
True
Is 441 a factor of 52240419?
True
Is 1561473227 a multiple of 35?
False
Does 114 divide 137661270?
True
Is 79 a factor of 281145516?
True
Is 45316710 a multiple of 18?
True
Is 142967138 a multiple of 17?
False
Is 20 a factor of 47797989?
False
Is 1006 a factor of 287541962?
True
Is 3282 a factor of 227419626?
True
Does 152 divide 171685520?
True
Does 36 divide 65459844?
True
Is 56898844 a multiple of 38?
True
Is 71 a factor of 3207323896?
True
Does 241 divide 2212666994?
False
Does 2 divide 5083421?
False
Is 5703 a factor of 749265843?
True
Is 17013943 a multiple of 1126?
False
Is 32 a factor of 1753349440?
True
Is 145 a factor of 2045951?
False
Does 631 divide 36043468?
False
Is 28 a factor of 113543220?
True
Is 5 a factor of 586257480?
True
Does 31 divide 1016960?
False
Is 594 a factor of 189522828?
True
Does 44 divide 105763238?
False
Is 49087271 a multiple of 37?
True
Is 141920318 a multiple of 144?
False
Is 90 a factor of 47242383?
False
Is 57630420 a multiple of 137?
True
Is 190063816 a multiple of 1952?
False
Does 2095 divide 52821235?
True
Is 3931012554 a multiple of 10457?
False
Is 1463843808 a multiple of 4464?
True
Is 201074460 a multiple of 141?
True
Is 12113209 a multiple of 2?
False
Is 8310555 a multiple of 15?
True
Is 142479209 a multiple of 10?
False
Does 2786 divide 7121069800?
False
Is 28597998 a multiple of 6?
True
Is 26754664 a multiple of 4?
True
Is 120 a factor of 82398360?
True
Is 90 a factor of 110237670?
True
Is 3 a factor of 22338385?
False
Is 44 a factor of 1047098652?
False
Does 40 divide 692008986?
False
Is 1079627741 a multiple of 4?
False
Is 1529294914 a multiple of 1178?
True
Is 11534244 a multiple of 3?
True
Is 13963939 a multiple of 854?
False
Is 153 a factor of 69087915?
True
Is 154 a factor of 399719685?
False
Is 371 a factor of 223647704?
True
Is 811904642 a multiple of 3?
False
Does 781 divide 639852213?
True
Is 83 a factor of 127736585?
True
Does 7041 divide 497583949?
False
Is 2095 a factor of 3379226374?
False
Is 261 a factor of 26041797?
True
Is 7 a factor of 98663460?
True
Is 473660603 a multiple of 2110?
False
Is 10720296 a multiple of 62?
True
Is 49278229 a multiple of 143?
True
Is 34854680 a multiple of 1960?
True
Is 11 a factor of 162609337?
True
Is 8 a factor of 99994336?
True
Is 1618447544 a multiple of 9?
False
Does 160 divide 100736000?
True
Is 8972940 a multiple of 106?
False
Is 23783560 a multiple of 547?
True
Does 60 divide 654559560?
True
Does 757 divide 954165316?
False
Is 31373650 a multiple of 25?
True
Is 265106813 a multiple of 37?
True
Is 185573850 a multiple of 14?
True
Does 1818 divide 596398536?
True
Is 291 a factor of 115879110?
True
Is 817 a factor of 26762469?
True
Is 20154920 a multiple of 275?
False
Is 3987 a factor of 3181967261?
False
Does 124 divide 5719944?
False
Is 157699168 a multiple of 106?
True
Is 28 a factor of 42286793?
False
Is 538047250 a multiple of 50?
True
Is 123904290 a multiple of 6?
True
Is 7231739486 a multiple of 12?
False
Is 10672649 a multiple of 202?
False
Does 29 divide 128787956?
True
Is 1427 a factor of 1022996840?
False
Does 1364 divide 27217195?
False
Is 22 a factor of 15744707?
False
Is 126033894 a multiple of 19?
False
Does 8483 divide 204134912?
True
Does 951 divide 940775799?
True
Is 14